{"id":1588,"date":"2024-01-05T17:54:40","date_gmt":"2024-01-05T17:54:40","guid":{"rendered":"http:\/\/chatterie-du-serval.fr\/?page_id=1588"},"modified":"2025-11-02T17:51:51","modified_gmt":"2025-11-02T17:51:51","slug":"usagi-p-du-serval","status":"publish","type":"page","link":"http:\/\/chatterie-du-serval.fr\/?page_id=1588","title":{"rendered":"Usagi P du Serval"},"content":{"rendered":"\n<figure class=\"wp-block-image size-large\"><a href=\"https:\/\/i0.wp.com\/chatterie-du-serval.fr\/wp-content\/uploads\/2024\/11\/PXL_20241108_0708048682-scaled.jpg\"><img data-recalc-dims=\"1\" loading=\"lazy\" decoding=\"async\" width=\"660\" height=\"881\" data-attachment-id=\"1705\" data-permalink=\"http:\/\/chatterie-du-serval.fr\/?attachment_id=1705\" data-orig-file=\"https:\/\/i0.wp.com\/chatterie-du-serval.fr\/wp-content\/uploads\/2024\/11\/PXL_20241108_0708048682-scaled.jpg?fit=1919%2C2560\" data-orig-size=\"1919,2560\" data-comments-opened=\"0\" data-image-meta=\"{&quot;aperture&quot;:&quot;0&quot;,&quot;credit&quot;:&quot;&quot;,&quot;camera&quot;:&quot;&quot;,&quot;caption&quot;:&quot;&quot;,&quot;created_timestamp&quot;:&quot;0&quot;,&quot;copyright&quot;:&quot;&quot;,&quot;focal_length&quot;:&quot;0&quot;,&quot;iso&quot;:&quot;0&quot;,&quot;shutter_speed&quot;:&quot;0&quot;,&quot;title&quot;:&quot;&quot;,&quot;orientation&quot;:&quot;0&quot;}\" data-image-title=\"PXL_20241108_0708048682\" data-image-description=\"\" data-image-caption=\"\" data-large-file=\"https:\/\/i0.wp.com\/chatterie-du-serval.fr\/wp-content\/uploads\/2024\/11\/PXL_20241108_0708048682-scaled.jpg?fit=660%2C881\" src=\"https:\/\/i0.wp.com\/chatterie-du-serval.fr\/wp-content\/uploads\/2024\/11\/PXL_20241108_0708048682.jpg?resize=660%2C881\" alt=\"\" class=\"wp-image-1705\" srcset=\"https:\/\/i0.wp.com\/chatterie-du-serval.fr\/wp-content\/uploads\/2024\/11\/PXL_20241108_0708048682-scaled.jpg?resize=767%2C1024 767w, https:\/\/i0.wp.com\/chatterie-du-serval.fr\/wp-content\/uploads\/2024\/11\/PXL_20241108_0708048682-scaled.jpg?resize=225%2C300 225w, https:\/\/i0.wp.com\/chatterie-du-serval.fr\/wp-content\/uploads\/2024\/11\/PXL_20241108_0708048682-scaled.jpg?resize=768%2C1025 768w, https:\/\/i0.wp.com\/chatterie-du-serval.fr\/wp-content\/uploads\/2024\/11\/PXL_20241108_0708048682-scaled.jpg?resize=1151%2C1536 1151w, https:\/\/i0.wp.com\/chatterie-du-serval.fr\/wp-content\/uploads\/2024\/11\/PXL_20241108_0708048682-scaled.jpg?resize=1535%2C2048 1535w, https:\/\/i0.wp.com\/chatterie-du-serval.fr\/wp-content\/uploads\/2024\/11\/PXL_20241108_0708048682-scaled.jpg?w=1919 1919w, https:\/\/i0.wp.com\/chatterie-du-serval.fr\/wp-content\/uploads\/2024\/11\/PXL_20241108_0708048682-scaled.jpg?w=1320 1320w\" sizes=\"auto, (max-width: 660px) 100vw, 660px\" \/><\/a><\/figure>\n\n\n\n<p><strong>Usagi P du Serval est n\u00e9e le 6 juin 2023 \u2013 Une boule d&rsquo;amour !<\/strong><\/p>\n\n\n\n<figure class=\"wp-block-table\"><table><tbody><tr><td><strong>Couleur :<\/strong>&nbsp;black tortie silver mackerel tabby<\/td><td><strong>Sain par ADN&nbsp;:<\/strong>&nbsp;HCM SMA PKDEF PKD<\/td><\/tr><tr><td><strong>Echographie doppler<\/strong>&nbsp;: ok<\/td><td><strong><strong>C\u0153ur et rein<\/strong>&nbsp;: <\/strong>normaux<\/td><\/tr><\/tbody><\/table><\/figure>\n\n\n\n<p>Polydactyle des pattes avant, elle adore rapporter le balle. C&rsquo;est une minette adorable qui adore se faire dorloter. S\u0153ur de Umi, de la m\u00eame port\u00e9e, elles sont super complices.<\/p>\n\n\n\n<p><strong>Pour tout savoir sur le polydactyle<\/strong>&nbsp;:&nbsp;<a title=\"Chatterie du Serval: le Polydactyle.\" href=\"http:\/\/chatterie-du-serval.fr\/wp-admin\/post.php?post=319&amp;action=edit\">http:\/\/chatterie-du-serval.fr\/wp-admin\/post.php?post=319&amp;action=edit<\/a><\/p>\n\n\n\n<p><strong><strong>Taux de consanguinit\u00e9 Usagi \/ Velours :\u00a0<\/strong><\/strong>15,6%<\/p>\n\n\n\n<p><a href=\"https:\/\/www.pawpeds.com\/db\/?a=p&amp;id=1703935&amp;g=4&amp;p=mco&amp;o=elastic\">Pedigree Usagi P du Serval<\/a><\/p>\n\n\n\n<figure class=\"wp-block-image size-large\"><a href=\"https:\/\/i0.wp.com\/chatterie-du-serval.fr\/wp-content\/uploads\/2024\/11\/PXL_20241108_0710027802-scaled.jpg\"><img data-recalc-dims=\"1\" loading=\"lazy\" decoding=\"async\" width=\"660\" height=\"881\" data-attachment-id=\"1706\" data-permalink=\"http:\/\/chatterie-du-serval.fr\/?attachment_id=1706\" data-orig-file=\"https:\/\/i0.wp.com\/chatterie-du-serval.fr\/wp-content\/uploads\/2024\/11\/PXL_20241108_0710027802-scaled.jpg?fit=1918%2C2560\" data-orig-size=\"1918,2560\" data-comments-opened=\"0\" data-image-meta=\"{&quot;aperture&quot;:&quot;0&quot;,&quot;credit&quot;:&quot;&quot;,&quot;camera&quot;:&quot;&quot;,&quot;caption&quot;:&quot;&quot;,&quot;created_timestamp&quot;:&quot;0&quot;,&quot;copyright&quot;:&quot;&quot;,&quot;focal_length&quot;:&quot;0&quot;,&quot;iso&quot;:&quot;0&quot;,&quot;shutter_speed&quot;:&quot;0&quot;,&quot;title&quot;:&quot;&quot;,&quot;orientation&quot;:&quot;0&quot;}\" data-image-title=\"PXL_20241108_0710027802\" data-image-description=\"\" data-image-caption=\"\" data-large-file=\"https:\/\/i0.wp.com\/chatterie-du-serval.fr\/wp-content\/uploads\/2024\/11\/PXL_20241108_0710027802-scaled.jpg?fit=660%2C881\" src=\"https:\/\/i0.wp.com\/chatterie-du-serval.fr\/wp-content\/uploads\/2024\/11\/PXL_20241108_0710027802.jpg?resize=660%2C881\" alt=\"\" class=\"wp-image-1706\" srcset=\"https:\/\/i0.wp.com\/chatterie-du-serval.fr\/wp-content\/uploads\/2024\/11\/PXL_20241108_0710027802-scaled.jpg?resize=767%2C1024 767w, https:\/\/i0.wp.com\/chatterie-du-serval.fr\/wp-content\/uploads\/2024\/11\/PXL_20241108_0710027802-scaled.jpg?resize=225%2C300 225w, https:\/\/i0.wp.com\/chatterie-du-serval.fr\/wp-content\/uploads\/2024\/11\/PXL_20241108_0710027802-scaled.jpg?resize=768%2C1025 768w, https:\/\/i0.wp.com\/chatterie-du-serval.fr\/wp-content\/uploads\/2024\/11\/PXL_20241108_0710027802-scaled.jpg?resize=1151%2C1536 1151w, https:\/\/i0.wp.com\/chatterie-du-serval.fr\/wp-content\/uploads\/2024\/11\/PXL_20241108_0710027802-scaled.jpg?resize=1535%2C2048 1535w, https:\/\/i0.wp.com\/chatterie-du-serval.fr\/wp-content\/uploads\/2024\/11\/PXL_20241108_0710027802-scaled.jpg?w=1918 1918w, https:\/\/i0.wp.com\/chatterie-du-serval.fr\/wp-content\/uploads\/2024\/11\/PXL_20241108_0710027802-scaled.jpg?w=1320 1320w\" sizes=\"auto, (max-width: 660px) 100vw, 660px\" \/><\/a><\/figure>\n\n\n\n<figure class=\"wp-block-image size-large\"><a href=\"https:\/\/i0.wp.com\/chatterie-du-serval.fr\/wp-content\/uploads\/2024\/01\/376228767_810137407779155_7923235586780514036_n.jpg\"><img data-recalc-dims=\"1\" loading=\"lazy\" decoding=\"async\" width=\"660\" height=\"880\" data-attachment-id=\"1590\" data-permalink=\"http:\/\/chatterie-du-serval.fr\/?attachment_id=1590\" data-orig-file=\"https:\/\/i0.wp.com\/chatterie-du-serval.fr\/wp-content\/uploads\/2024\/01\/376228767_810137407779155_7923235586780514036_n.jpg?fit=1512%2C2016\" data-orig-size=\"1512,2016\" data-comments-opened=\"0\" data-image-meta=\"{&quot;aperture&quot;:&quot;0&quot;,&quot;credit&quot;:&quot;&quot;,&quot;camera&quot;:&quot;&quot;,&quot;caption&quot;:&quot;&quot;,&quot;created_timestamp&quot;:&quot;0&quot;,&quot;copyright&quot;:&quot;&quot;,&quot;focal_length&quot;:&quot;0&quot;,&quot;iso&quot;:&quot;0&quot;,&quot;shutter_speed&quot;:&quot;0&quot;,&quot;title&quot;:&quot;&quot;,&quot;orientation&quot;:&quot;0&quot;}\" data-image-title=\"376228767_810137407779155_7923235586780514036_n\" data-image-description=\"\" data-image-caption=\"\" data-large-file=\"https:\/\/i0.wp.com\/chatterie-du-serval.fr\/wp-content\/uploads\/2024\/01\/376228767_810137407779155_7923235586780514036_n.jpg?fit=660%2C880\" src=\"https:\/\/i0.wp.com\/chatterie-du-serval.fr\/wp-content\/uploads\/2024\/01\/376228767_810137407779155_7923235586780514036_n.jpg?resize=660%2C880\" alt=\"\" class=\"wp-image-1590\" srcset=\"https:\/\/i0.wp.com\/chatterie-du-serval.fr\/wp-content\/uploads\/2024\/01\/376228767_810137407779155_7923235586780514036_n.jpg?resize=768%2C1024 768w, https:\/\/i0.wp.com\/chatterie-du-serval.fr\/wp-content\/uploads\/2024\/01\/376228767_810137407779155_7923235586780514036_n.jpg?resize=225%2C300 225w, https:\/\/i0.wp.com\/chatterie-du-serval.fr\/wp-content\/uploads\/2024\/01\/376228767_810137407779155_7923235586780514036_n.jpg?resize=1152%2C1536 1152w, https:\/\/i0.wp.com\/chatterie-du-serval.fr\/wp-content\/uploads\/2024\/01\/376228767_810137407779155_7923235586780514036_n.jpg?w=1512 1512w, https:\/\/i0.wp.com\/chatterie-du-serval.fr\/wp-content\/uploads\/2024\/01\/376228767_810137407779155_7923235586780514036_n.jpg?w=1320 1320w\" sizes=\"auto, (max-width: 660px) 100vw, 660px\" \/><\/a><\/figure>\n\n\n\n<figure class=\"wp-block-image size-large\"><a href=\"https:\/\/i0.wp.com\/chatterie-du-serval.fr\/wp-content\/uploads\/2024\/01\/359522773_772055758253987_3226268838538485645_n.jpg\"><img data-recalc-dims=\"1\" loading=\"lazy\" decoding=\"async\" width=\"660\" height=\"660\" data-attachment-id=\"1591\" data-permalink=\"http:\/\/chatterie-du-serval.fr\/?attachment_id=1591\" data-orig-file=\"https:\/\/i0.wp.com\/chatterie-du-serval.fr\/wp-content\/uploads\/2024\/01\/359522773_772055758253987_3226268838538485645_n.jpg?fit=1797%2C1797\" data-orig-size=\"1797,1797\" data-comments-opened=\"0\" data-image-meta=\"{&quot;aperture&quot;:&quot;0&quot;,&quot;credit&quot;:&quot;&quot;,&quot;camera&quot;:&quot;&quot;,&quot;caption&quot;:&quot;&quot;,&quot;created_timestamp&quot;:&quot;0&quot;,&quot;copyright&quot;:&quot;&quot;,&quot;focal_length&quot;:&quot;0&quot;,&quot;iso&quot;:&quot;0&quot;,&quot;shutter_speed&quot;:&quot;0&quot;,&quot;title&quot;:&quot;&quot;,&quot;orientation&quot;:&quot;0&quot;}\" data-image-title=\"359522773_772055758253987_3226268838538485645_n\" data-image-description=\"\" data-image-caption=\"\" data-large-file=\"https:\/\/i0.wp.com\/chatterie-du-serval.fr\/wp-content\/uploads\/2024\/01\/359522773_772055758253987_3226268838538485645_n.jpg?fit=660%2C660\" src=\"https:\/\/i0.wp.com\/chatterie-du-serval.fr\/wp-content\/uploads\/2024\/01\/359522773_772055758253987_3226268838538485645_n.jpg?resize=660%2C660\" alt=\"\" class=\"wp-image-1591\" srcset=\"https:\/\/i0.wp.com\/chatterie-du-serval.fr\/wp-content\/uploads\/2024\/01\/359522773_772055758253987_3226268838538485645_n.jpg?resize=1024%2C1024 1024w, https:\/\/i0.wp.com\/chatterie-du-serval.fr\/wp-content\/uploads\/2024\/01\/359522773_772055758253987_3226268838538485645_n.jpg?resize=300%2C300 300w, https:\/\/i0.wp.com\/chatterie-du-serval.fr\/wp-content\/uploads\/2024\/01\/359522773_772055758253987_3226268838538485645_n.jpg?resize=150%2C150 150w, https:\/\/i0.wp.com\/chatterie-du-serval.fr\/wp-content\/uploads\/2024\/01\/359522773_772055758253987_3226268838538485645_n.jpg?resize=768%2C768 768w, https:\/\/i0.wp.com\/chatterie-du-serval.fr\/wp-content\/uploads\/2024\/01\/359522773_772055758253987_3226268838538485645_n.jpg?resize=1536%2C1536 1536w, https:\/\/i0.wp.com\/chatterie-du-serval.fr\/wp-content\/uploads\/2024\/01\/359522773_772055758253987_3226268838538485645_n.jpg?w=1797 1797w, https:\/\/i0.wp.com\/chatterie-du-serval.fr\/wp-content\/uploads\/2024\/01\/359522773_772055758253987_3226268838538485645_n.jpg?w=1320 1320w\" sizes=\"auto, (max-width: 660px) 100vw, 660px\" \/><\/a><\/figure>\n\n\n\n<p><\/p>\n\n\n\n<figure class=\"wp-block-table\"><table><tbody><tr><td><strong>La Maman d&rsquo;Usagi : Just a Dream N\u00e9gane PP<\/strong><\/td><td><strong>Le Papa d&rsquo;Usagi : Ragnar PP de Witchcoon<\/strong><\/td><\/tr><tr><td><img data-recalc-dims=\"1\" loading=\"lazy\" decoding=\"async\" width=\"200\" height=\"245\" data-attachment-id=\"1583\" data-permalink=\"http:\/\/chatterie-du-serval.fr\/?attachment_id=1583\" data-orig-file=\"https:\/\/i0.wp.com\/chatterie-du-serval.fr\/wp-content\/uploads\/2024\/01\/Capture.jpg?fit=650%2C797\" data-orig-size=\"650,797\" data-comments-opened=\"0\" data-image-meta=\"{&quot;aperture&quot;:&quot;0&quot;,&quot;credit&quot;:&quot;Christophe D.&quot;,&quot;camera&quot;:&quot;&quot;,&quot;caption&quot;:&quot;&quot;,&quot;created_timestamp&quot;:&quot;1704479561&quot;,&quot;copyright&quot;:&quot;&quot;,&quot;focal_length&quot;:&quot;0&quot;,&quot;iso&quot;:&quot;0&quot;,&quot;shutter_speed&quot;:&quot;0&quot;,&quot;title&quot;:&quot;&quot;,&quot;orientation&quot;:&quot;0&quot;}\" data-image-title=\"Capture\" data-image-description=\"\" data-image-caption=\"\" data-large-file=\"https:\/\/i0.wp.com\/chatterie-du-serval.fr\/wp-content\/uploads\/2024\/01\/Capture.jpg?fit=650%2C797\" class=\"wp-image-1583\" style=\"width: 200px;\" src=\"https:\/\/i0.wp.com\/chatterie-du-serval.fr\/wp-content\/uploads\/2024\/01\/Capture.jpg?resize=200%2C245\" alt=\"\" srcset=\"https:\/\/i0.wp.com\/chatterie-du-serval.fr\/wp-content\/uploads\/2024\/01\/Capture.jpg?w=650 650w, https:\/\/i0.wp.com\/chatterie-du-serval.fr\/wp-content\/uploads\/2024\/01\/Capture.jpg?resize=245%2C300 245w\" sizes=\"auto, (max-width: 200px) 100vw, 200px\" \/><\/td><td><img data-recalc-dims=\"1\" loading=\"lazy\" decoding=\"async\" width=\"180\" height=\"252\" data-attachment-id=\"1589\" data-permalink=\"http:\/\/chatterie-du-serval.fr\/?attachment_id=1589\" data-orig-file=\"https:\/\/i0.wp.com\/chatterie-du-serval.fr\/wp-content\/uploads\/2024\/01\/image.png?fit=593%2C831\" data-orig-size=\"593,831\" data-comments-opened=\"0\" data-image-meta=\"{&quot;aperture&quot;:&quot;0&quot;,&quot;credit&quot;:&quot;&quot;,&quot;camera&quot;:&quot;&quot;,&quot;caption&quot;:&quot;&quot;,&quot;created_timestamp&quot;:&quot;0&quot;,&quot;copyright&quot;:&quot;&quot;,&quot;focal_length&quot;:&quot;0&quot;,&quot;iso&quot;:&quot;0&quot;,&quot;shutter_speed&quot;:&quot;0&quot;,&quot;title&quot;:&quot;&quot;,&quot;orientation&quot;:&quot;0&quot;}\" data-image-title=\"image\" data-image-description=\"\" data-image-caption=\"\" data-large-file=\"https:\/\/i0.wp.com\/chatterie-du-serval.fr\/wp-content\/uploads\/2024\/01\/image.png?fit=593%2C831\" class=\"wp-image-1589\" style=\"width: 180px;\" src=\"https:\/\/i0.wp.com\/chatterie-du-serval.fr\/wp-content\/uploads\/2024\/01\/image.png?resize=180%2C252\" alt=\"\" srcset=\"https:\/\/i0.wp.com\/chatterie-du-serval.fr\/wp-content\/uploads\/2024\/01\/image.png?w=593 593w, https:\/\/i0.wp.com\/chatterie-du-serval.fr\/wp-content\/uploads\/2024\/01\/image.png?resize=214%2C300 214w\" sizes=\"auto, (max-width: 180px) 100vw, 180px\" \/><\/td><\/tr><\/tbody><\/table><\/figure>\n","protected":false},"excerpt":{"rendered":"<p>Usagi P du Serval est n\u00e9e le 6 juin 2023 \u2013 Une boule d&rsquo;amour ! Couleur :&nbsp;black tortie silver mackerel tabby Sain par ADN&nbsp;:&nbsp;HCM SMA PKDEF PKD Echographie doppler&nbsp;: ok C\u0153ur et rein&nbsp;: normaux Polydactyle des pattes avant, elle adore rapporter le balle. C&rsquo;est une minette adorable qui adore se faire dorloter. S\u0153ur de Umi, &hellip; <a href=\"http:\/\/chatterie-du-serval.fr\/?page_id=1588\" class=\"more-link\">Continuer la lecture de <span class=\"screen-reader-text\">Usagi P du Serval<\/span><\/a><\/p>\n","protected":false},"author":1,"featured_media":0,"parent":0,"menu_order":0,"comment_status":"closed","ping_status":"closed","template":"","meta":{"jetpack_post_was_ever_published":false,"footnotes":""},"class_list":["post-1588","page","type-page","status-publish","hentry"],"jetpack_sharing_enabled":true,"jetpack_shortlink":"https:\/\/wp.me\/P62eiX-pC","jetpack-related-posts":[],"_links":{"self":[{"href":"http:\/\/chatterie-du-serval.fr\/index.php?rest_route=\/wp\/v2\/pages\/1588","targetHints":{"allow":["GET"]}}],"collection":[{"href":"http:\/\/chatterie-du-serval.fr\/index.php?rest_route=\/wp\/v2\/pages"}],"about":[{"href":"http:\/\/chatterie-du-serval.fr\/index.php?rest_route=\/wp\/v2\/types\/page"}],"author":[{"embeddable":true,"href":"http:\/\/chatterie-du-serval.fr\/index.php?rest_route=\/wp\/v2\/users\/1"}],"replies":[{"embeddable":true,"href":"http:\/\/chatterie-du-serval.fr\/index.php?rest_route=%2Fwp%2Fv2%2Fcomments&post=1588"}],"version-history":[{"count":9,"href":"http:\/\/chatterie-du-serval.fr\/index.php?rest_route=\/wp\/v2\/pages\/1588\/revisions"}],"predecessor-version":[{"id":1827,"href":"http:\/\/chatterie-du-serval.fr\/index.php?rest_route=\/wp\/v2\/pages\/1588\/revisions\/1827"}],"wp:attachment":[{"href":"http:\/\/chatterie-du-serval.fr\/index.php?rest_route=%2Fwp%2Fv2%2Fmedia&parent=1588"}],"curies":[{"name":"wp","href":"https:\/\/api.w.org\/{rel}","templated":true}]}}