{"id":319,"date":"2016-05-03T13:56:06","date_gmt":"2016-05-03T13:56:06","guid":{"rendered":"http:\/\/chatterie-du-serval.fr\/?page_id=319"},"modified":"2025-11-03T06:36:13","modified_gmt":"2025-11-03T06:36:13","slug":"le-polydactyle","status":"publish","type":"page","link":"http:\/\/chatterie-du-serval.fr\/?page_id=319","title":{"rendered":"Le Maine Coon Polydactyle"},"content":{"rendered":"<p>Historiquement les Maine Coons polydactyles repr\u00e9sentaient une partie importante de cette race.\u00a0Selon certaines sources, les polydactyles repr\u00e9sentaient 40% de la population d&rsquo;origine du Maine Coon.\u00a0Aujourd&rsquo;hui les Maine Coons polydactyles ne repr\u00e9senteraient que 2% de la race.<\/p>\n<p>Un Maine Coon Polydactyle a plus de doigts que la moyenne (poly= nombreux \/ dactyle= doigts). En th\u00e9orie un chat poss\u00e8de 5 doigts aux pattes avant et 4 aux pattes arri\u00e8res. La polydactylie est presque toujours sym\u00e9trique (m\u00eame nombre de doigts aux 2 pattes avant et\/ou arri\u00e8res) elle peut se trouver juste sur les pattes avant, on ajoute alors un P apr\u00e8s le nom du chat ou les 4 pattes on note alors PP.<\/p>\n<p style=\"text-align: center;\"><em><strong>Qu&rsquo;est-ce que la Polydactylie ?<\/strong><\/em><\/p>\n<p>Alors que g\u00e9n\u00e9ralement le chat poss\u00e8de cinq doigts aux pattes avant et quatre aux pattes arri\u00e8re, la polydactylie est une particularit\u00e9 qui se caract\u00e9rise par la pr\u00e9sence de doigts suppl\u00e9mentaires. La polydactylie existe aussi chez les humains et chez de nombreuses races animales (Pixie Bob chez le chat ou Beauceron chez le chien) Les deux types de polydactylie existants :<\/p>\n<p><a href=\"https:\/\/i0.wp.com\/chatterie-du-serval.fr\/wp-content\/uploads\/2016\/05\/IMG_20190119_142913.jpg\"><img data-recalc-dims=\"1\" loading=\"lazy\" decoding=\"async\" data-attachment-id=\"819\" data-permalink=\"http:\/\/chatterie-du-serval.fr\/?attachment_id=819\" data-orig-file=\"https:\/\/i0.wp.com\/chatterie-du-serval.fr\/wp-content\/uploads\/2016\/05\/IMG_20190119_142913.jpg?fit=3968%2C2976\" data-orig-size=\"3968,2976\" data-comments-opened=\"0\" data-image-meta=\"{&quot;aperture&quot;:&quot;1.8&quot;,&quot;credit&quot;:&quot;&quot;,&quot;camera&quot;:&quot;EML-L29&quot;,&quot;caption&quot;:&quot;dav&quot;,&quot;created_timestamp&quot;:&quot;1547908153&quot;,&quot;copyright&quot;:&quot;&quot;,&quot;focal_length&quot;:&quot;3.95&quot;,&quot;iso&quot;:&quot;500&quot;,&quot;shutter_speed&quot;:&quot;0.01&quot;,&quot;title&quot;:&quot;dav&quot;,&quot;orientation&quot;:&quot;1&quot;}\" data-image-title=\"dav\" data-image-description=\"\" data-image-caption=\"&lt;p&gt;dav&lt;\/p&gt;\n\" data-large-file=\"https:\/\/i0.wp.com\/chatterie-du-serval.fr\/wp-content\/uploads\/2016\/05\/IMG_20190119_142913.jpg?fit=660%2C495\" class=\"size-full wp-image-819\" src=\"https:\/\/i0.wp.com\/chatterie-du-serval.fr\/wp-content\/uploads\/2016\/05\/IMG_20190119_142913.jpg?resize=660%2C495\" alt=\"dav\" width=\"660\" height=\"495\" srcset=\"https:\/\/i0.wp.com\/chatterie-du-serval.fr\/wp-content\/uploads\/2016\/05\/IMG_20190119_142913.jpg?w=3968 3968w, https:\/\/i0.wp.com\/chatterie-du-serval.fr\/wp-content\/uploads\/2016\/05\/IMG_20190119_142913.jpg?resize=300%2C225 300w, https:\/\/i0.wp.com\/chatterie-du-serval.fr\/wp-content\/uploads\/2016\/05\/IMG_20190119_142913.jpg?resize=768%2C576 768w, https:\/\/i0.wp.com\/chatterie-du-serval.fr\/wp-content\/uploads\/2016\/05\/IMG_20190119_142913.jpg?resize=1024%2C768 1024w, https:\/\/i0.wp.com\/chatterie-du-serval.fr\/wp-content\/uploads\/2016\/05\/IMG_20190119_142913.jpg?resize=972%2C729 972w, https:\/\/i0.wp.com\/chatterie-du-serval.fr\/wp-content\/uploads\/2016\/05\/IMG_20190119_142913.jpg?w=1320 1320w, https:\/\/i0.wp.com\/chatterie-du-serval.fr\/wp-content\/uploads\/2016\/05\/IMG_20190119_142913.jpg?w=1980 1980w\" sizes=\"auto, (max-width: 660px) 100vw, 660px\" \/><\/a><\/p>\n<p style=\"text-align: center;\">La patte dite \u00ab\u00a0en hamburger\u00a0\u00bb:<\/p>\n<p style=\"text-align: center;\"><a href=\"https:\/\/i0.wp.com\/chatterie-du-serval.fr\/wp-content\/uploads\/2016\/05\/Capture.jpg\"><img data-recalc-dims=\"1\" loading=\"lazy\" decoding=\"async\" data-attachment-id=\"651\" data-permalink=\"http:\/\/chatterie-du-serval.fr\/?attachment_id=651\" data-orig-file=\"https:\/\/i0.wp.com\/chatterie-du-serval.fr\/wp-content\/uploads\/2016\/05\/Capture.jpg?fit=474%2C194\" data-orig-size=\"474,194\" data-comments-opened=\"0\" data-image-meta=\"{&quot;aperture&quot;:&quot;0&quot;,&quot;credit&quot;:&quot;Christophe DUCROCQ&quot;,&quot;camera&quot;:&quot;&quot;,&quot;caption&quot;:&quot;&quot;,&quot;created_timestamp&quot;:&quot;1513597856&quot;,&quot;copyright&quot;:&quot;&quot;,&quot;focal_length&quot;:&quot;0&quot;,&quot;iso&quot;:&quot;0&quot;,&quot;shutter_speed&quot;:&quot;0&quot;,&quot;title&quot;:&quot;&quot;,&quot;orientation&quot;:&quot;0&quot;}\" data-image-title=\"Capture\" data-image-description=\"\" data-image-caption=\"\" data-large-file=\"https:\/\/i0.wp.com\/chatterie-du-serval.fr\/wp-content\/uploads\/2016\/05\/Capture.jpg?fit=474%2C194\" class=\"alignnone size-medium wp-image-651\" src=\"https:\/\/i0.wp.com\/chatterie-du-serval.fr\/wp-content\/uploads\/2016\/05\/Capture.jpg?resize=300%2C123\" alt=\"Capture\" width=\"300\" height=\"123\" srcset=\"https:\/\/i0.wp.com\/chatterie-du-serval.fr\/wp-content\/uploads\/2016\/05\/Capture.jpg?resize=300%2C123 300w, https:\/\/i0.wp.com\/chatterie-du-serval.fr\/wp-content\/uploads\/2016\/05\/Capture.jpg?w=474 474w\" sizes=\"auto, (max-width: 300px) 100vw, 300px\" \/><br \/><\/a><\/p>\n<p style=\"text-align: center;\"><em><strong>Origine<\/strong><\/em><\/p>\n<p>La polyactylie est connue depuis plus de 400 ans. De nombreux chats de fermes du nord des Etats Unis (d&rsquo;ou est originaire le Maine Coon) sont polydactyles. Certains disent que cette caract\u00e9ristique favorise le chat pour la chasse, d&rsquo;autres que c&rsquo;est une aide pr\u00e9cieuse pour marcher dans la neige.<\/p>\n<p style=\"text-align: center;\"><em><strong>Repr\u00e9sente-t-elle un danger pour la sant\u00e9 ?<\/strong><\/em><\/p>\n<p>La polydactylie n\u2019est ni une maladie ni une difformit\u00e9 mais bien un aspect de la race du Maine Coon qui a \u00e9t\u00e9 mis de c\u00f4t\u00e9 par les standards actuels de la race.<\/p>\n<p>Dr Sarah Hartwell:<em>\u00a0<\/em><em>\u00ab\u00a0la polydactylie la plus commun\u00e9ment rencontr\u00e9e chez le chat est un caract\u00e8re autosomique dominant simple (non li\u00e9 au sexe) qui n&rsquo;a aucun effet n\u00e9faste sur le chat et n&rsquo;est pas associ\u00e9 \u00e0 d&rsquo;autres anomalies\u00a0\u00bb<\/em><br \/>Le Dr Danforth a lui aussi \u00e9tudi\u00e9 la polydactylie sur plusieurs g\u00e9n\u00e9rations de chats et a aussi prouv\u00e9 qu&rsquo;il s&rsquo;agit simplement d&rsquo;une particularit\u00e9 non d&rsquo;une tare.<\/p>\n<p style=\"text-align: center;\"><em><strong>Peut-il concourir en exposition\u00a0?<\/strong><\/em><\/p>\n<p>A ce jour, la polydactylie ne peut pas concourir dans les expositions <a href=\"http:\/\/www.loof.asso.fr\/\">L.O.O.F.<\/a> En France un chat polydactyle peut \u00eatre pr\u00e9sent\u00e9 mais ne peut pr\u00e9tendre \u00e0 aucun titre. Seul les expos TICA, o\u00f9 une cat\u00e9gorie maine coon poly, existe peuvent donner des titres et des podiums aux polys. Bien s\u00fbr cela ne l&#8217;emp\u00eache pas d&rsquo;\u00eatre reconnu n\u00e9anmoins par le LOOF comme Maine Coon et d&rsquo;avoir son PEDIGREE.<\/p>\n<p style=\"text-align: center;\"><em><strong>Comment \u00e7a marche g\u00e9n\u00e9tiquement\u00a0?<\/strong><\/em><\/p>\n<p>Le g\u00e8ne de la\u00a0<strong>polydactylie<\/strong>\u00a0\u00e9tant un g\u00e8ne dominant \u00e0 p\u00e9n\u00e9trance incompl\u00e8te qui s\u2019exprime 40 \u00e0 50% du temps, une port\u00e9e issue d&rsquo;un mariage polydactyle X non polydactyle pourra donner le jour \u00e0 des chatons polydactyles et non polydactyles.\u00a0En revanche, m\u00eame n\u00e9 d&rsquo;un p\u00e8re ou d&rsquo;une m\u00e8re polydactyle, un chaton non polydactyle ne pourra jamais donner naissance \u00e0 des chatons polydactyles.<\/p>\n<p style=\"text-align: center;\"><em><strong>Pourquoi un Polydactyle\u00a0?<\/strong><\/em><\/p>\n<p>Parce qu\u2019il brille par sa raret\u00e9, son ossature lourde impressionne et ses grosses pattounes lui donne une d\u00e9marche pataud. Mais ne vous fiez pas \u00e0 son c\u00f4t\u00e9 nonchalant Il \u00e9tait utilis\u00e9 dans les navires pour son adresse \u00e0 la chasse.<\/p>\n<p>Il a \u00e9t\u00e9 observ\u00e9 que m\u00eame des chats \u00a0non polys issus d&rsquo;au moins un parent poly ont une ossature plus lourde que leurs cong\u00e9n\u00e8res dont aucun des deux parents n&rsquo;\u00e9taient poly.<\/p>\n<p>C\u2019est donc un bel avantage pour une race \u00e0 grande taille comme le Maine Coon.<\/p>\n\n<div class=\"wp-block-image\">\n<figure class=\"aligncenter size-large\"><img data-recalc-dims=\"1\" loading=\"lazy\" decoding=\"async\" width=\"450\" height=\"600\" data-attachment-id=\"1102\" data-permalink=\"http:\/\/chatterie-du-serval.fr\/?attachment_id=1102\" data-orig-file=\"https:\/\/i0.wp.com\/chatterie-du-serval.fr\/wp-content\/uploads\/2021\/09\/241374071_2025542197607447_2248287356838945006_n.jpg?fit=450%2C600\" data-orig-size=\"450,600\" data-comments-opened=\"0\" data-image-meta=\"{&quot;aperture&quot;:&quot;0&quot;,&quot;credit&quot;:&quot;&quot;,&quot;camera&quot;:&quot;&quot;,&quot;caption&quot;:&quot;&quot;,&quot;created_timestamp&quot;:&quot;0&quot;,&quot;copyright&quot;:&quot;&quot;,&quot;focal_length&quot;:&quot;0&quot;,&quot;iso&quot;:&quot;0&quot;,&quot;shutter_speed&quot;:&quot;0&quot;,&quot;title&quot;:&quot;&quot;,&quot;orientation&quot;:&quot;0&quot;}\" data-image-title=\"241374071_2025542197607447_2248287356838945006_n\" data-image-description=\"\" data-image-caption=\"\" data-large-file=\"https:\/\/i0.wp.com\/chatterie-du-serval.fr\/wp-content\/uploads\/2021\/09\/241374071_2025542197607447_2248287356838945006_n.jpg?fit=450%2C600\" src=\"https:\/\/i0.wp.com\/chatterie-du-serval.fr\/wp-content\/uploads\/2021\/09\/241374071_2025542197607447_2248287356838945006_n.jpg?resize=450%2C600\" alt=\"\" class=\"wp-image-1102\" srcset=\"https:\/\/i0.wp.com\/chatterie-du-serval.fr\/wp-content\/uploads\/2021\/09\/241374071_2025542197607447_2248287356838945006_n.jpg?w=450 450w, https:\/\/i0.wp.com\/chatterie-du-serval.fr\/wp-content\/uploads\/2021\/09\/241374071_2025542197607447_2248287356838945006_n.jpg?resize=225%2C300 225w\" sizes=\"auto, (max-width: 450px) 100vw, 450px\" \/><\/figure>\n<\/div>","protected":false},"excerpt":{"rendered":"<p>Historiquement les Maine Coons polydactyles repr\u00e9sentaient une partie importante de cette race.\u00a0Selon certaines sources, les polydactyles repr\u00e9sentaient 40% de la population d&rsquo;origine du Maine Coon.\u00a0Aujourd&rsquo;hui les Maine Coons polydactyles ne repr\u00e9senteraient que 2% de la race. Un Maine Coon Polydactyle a plus de doigts que la moyenne (poly= nombreux \/ dactyle= doigts). En th\u00e9orie un &hellip; <a href=\"http:\/\/chatterie-du-serval.fr\/?page_id=319\" class=\"more-link\">Continuer la lecture de <span class=\"screen-reader-text\">Le Maine Coon Polydactyle<\/span><\/a><\/p>\n","protected":false},"author":1,"featured_media":0,"parent":0,"menu_order":0,"comment_status":"closed","ping_status":"open","template":"","meta":{"jetpack_post_was_ever_published":false,"footnotes":""},"class_list":["post-319","page","type-page","status-publish","hentry"],"jetpack_sharing_enabled":true,"jetpack_shortlink":"https:\/\/wp.me\/P62eiX-59","jetpack-related-posts":[],"_links":{"self":[{"href":"http:\/\/chatterie-du-serval.fr\/index.php?rest_route=\/wp\/v2\/pages\/319","targetHints":{"allow":["GET"]}}],"collection":[{"href":"http:\/\/chatterie-du-serval.fr\/index.php?rest_route=\/wp\/v2\/pages"}],"about":[{"href":"http:\/\/chatterie-du-serval.fr\/index.php?rest_route=\/wp\/v2\/types\/page"}],"author":[{"embeddable":true,"href":"http:\/\/chatterie-du-serval.fr\/index.php?rest_route=\/wp\/v2\/users\/1"}],"replies":[{"embeddable":true,"href":"http:\/\/chatterie-du-serval.fr\/index.php?rest_route=%2Fwp%2Fv2%2Fcomments&post=319"}],"version-history":[{"count":8,"href":"http:\/\/chatterie-du-serval.fr\/index.php?rest_route=\/wp\/v2\/pages\/319\/revisions"}],"predecessor-version":[{"id":1852,"href":"http:\/\/chatterie-du-serval.fr\/index.php?rest_route=\/wp\/v2\/pages\/319\/revisions\/1852"}],"wp:attachment":[{"href":"http:\/\/chatterie-du-serval.fr\/index.php?rest_route=%2Fwp%2Fv2%2Fmedia&parent=319"}],"curies":[{"name":"wp","href":"https:\/\/api.w.org\/{rel}","templated":true}]}}

<p>Historiquement les Maine Coons polydactyles représentaient une partie importante de cette race. Selon certaines sources, les polydactyles représentaient 40% de la population d&rsquo;origine du Maine Coon. Aujourd&rsquo;hui les Maine Coons polydactyles ne représenteraient que 2% de la race.</p>
<p>Un Maine Coon Polydactyle a plus de doigts que la moyenne (poly= nombreux / dactyle= doigts). En théorie un chat possède 5 doigts aux pattes avant et 4 aux pattes arrières. La polydactylie est presque toujours symétrique (même nombre de doigts aux 2 pattes avant et/ou arrières) elle peut se trouver juste sur les pattes avant, on ajoute alors un P après le nom du chat ou les 4 pattes on note alors PP.</p>
<p style="text-align: center;"><em><strong>Qu&rsquo;est-ce que la Polydactylie ?</strong></em></p>
<p>Alors que généralement le chat possède cinq doigts aux pattes avant et quatre aux pattes arrière, la polydactylie est une particularité qui se caractérise par la présence de doigts supplémentaires. La polydactylie existe aussi chez les humains et chez de nombreuses races animales (Pixie Bob chez le chat ou Beauceron chez le chien) Les deux types de polydactylie existants :</p>
<p><a href="https://i0.wp.com/chatterie-du-serval.fr/wp-content/uploads/2016/05/IMG_20190119_142913.jpg"><img data-recalc-dims="1" loading="lazy" decoding="async" data-attachment-id="819" data-permalink="http://chatterie-du-serval.fr/?attachment_id=819" data-orig-file="https://i0.wp.com/chatterie-du-serval.fr/wp-content/uploads/2016/05/IMG_20190119_142913.jpg?fit=3968%2C2976" data-orig-size="3968,2976" data-comments-opened="0" data-image-meta="{&quot;aperture&quot;:&quot;1.8&quot;,&quot;credit&quot;:&quot;&quot;,&quot;camera&quot;:&quot;EML-L29&quot;,&quot;caption&quot;:&quot;dav&quot;,&quot;created_timestamp&quot;:&quot;1547908153&quot;,&quot;copyright&quot;:&quot;&quot;,&quot;focal_length&quot;:&quot;3.95&quot;,&quot;iso&quot;:&quot;500&quot;,&quot;shutter_speed&quot;:&quot;0.01&quot;,&quot;title&quot;:&quot;dav&quot;,&quot;orientation&quot;:&quot;1&quot;}" data-image-title="dav" data-image-description="" data-image-caption="&lt;p&gt;dav&lt;/p&gt;
" data-large-file="https://i0.wp.com/chatterie-du-serval.fr/wp-content/uploads/2016/05/IMG_20190119_142913.jpg?fit=660%2C495" class="size-full wp-image-819" src="https://i0.wp.com/chatterie-du-serval.fr/wp-content/uploads/2016/05/IMG_20190119_142913.jpg?resize=660%2C495" alt="dav" width="660" height="495" srcset="https://i0.wp.com/chatterie-du-serval.fr/wp-content/uploads/2016/05/IMG_20190119_142913.jpg?w=3968 3968w, https://i0.wp.com/chatterie-du-serval.fr/wp-content/uploads/2016/05/IMG_20190119_142913.jpg?resize=300%2C225 300w, https://i0.wp.com/chatterie-du-serval.fr/wp-content/uploads/2016/05/IMG_20190119_142913.jpg?resize=768%2C576 768w, https://i0.wp.com/chatterie-du-serval.fr/wp-content/uploads/2016/05/IMG_20190119_142913.jpg?resize=1024%2C768 1024w, https://i0.wp.com/chatterie-du-serval.fr/wp-content/uploads/2016/05/IMG_20190119_142913.jpg?resize=972%2C729 972w, https://i0.wp.com/chatterie-du-serval.fr/wp-content/uploads/2016/05/IMG_20190119_142913.jpg?w=1320 1320w, https://i0.wp.com/chatterie-du-serval.fr/wp-content/uploads/2016/05/IMG_20190119_142913.jpg?w=1980 1980w" sizes="auto, (max-width: 660px) 100vw, 660px" /></a></p>
<p style="text-align: center;">La patte dite « en hamburger »:</p>
<p style="text-align: center;"><a href="https://i0.wp.com/chatterie-du-serval.fr/wp-content/uploads/2016/05/Capture.jpg"><img data-recalc-dims="1" loading="lazy" decoding="async" data-attachment-id="651" data-permalink="http://chatterie-du-serval.fr/?attachment_id=651" data-orig-file="https://i0.wp.com/chatterie-du-serval.fr/wp-content/uploads/2016/05/Capture.jpg?fit=474%2C194" data-orig-size="474,194" data-comments-opened="0" data-image-meta="{&quot;aperture&quot;:&quot;0&quot;,&quot;credit&quot;:&quot;Christophe DUCROCQ&quot;,&quot;camera&quot;:&quot;&quot;,&quot;caption&quot;:&quot;&quot;,&quot;created_timestamp&quot;:&quot;1513597856&quot;,&quot;copyright&quot;:&quot;&quot;,&quot;focal_length&quot;:&quot;0&quot;,&quot;iso&quot;:&quot;0&quot;,&quot;shutter_speed&quot;:&quot;0&quot;,&quot;title&quot;:&quot;&quot;,&quot;orientation&quot;:&quot;0&quot;}" data-image-title="Capture" data-image-description="" data-image-caption="" data-large-file="https://i0.wp.com/chatterie-du-serval.fr/wp-content/uploads/2016/05/Capture.jpg?fit=474%2C194" class="alignnone size-medium wp-image-651" src="https://i0.wp.com/chatterie-du-serval.fr/wp-content/uploads/2016/05/Capture.jpg?resize=300%2C123" alt="Capture" width="300" height="123" srcset="https://i0.wp.com/chatterie-du-serval.fr/wp-content/uploads/2016/05/Capture.jpg?resize=300%2C123 300w, https://i0.wp.com/chatterie-du-serval.fr/wp-content/uploads/2016/05/Capture.jpg?w=474 474w" sizes="auto, (max-width: 300px) 100vw, 300px" /><br /></a></p>
<p style="text-align: center;"><em><strong>Origine</strong></em></p>
<p>La polyactylie est connue depuis plus de 400 ans. De nombreux chats de fermes du nord des Etats Unis (d&rsquo;ou est originaire le Maine Coon) sont polydactyles. Certains disent que cette caractéristique favorise le chat pour la chasse, d&rsquo;autres que c&rsquo;est une aide précieuse pour marcher dans la neige.</p>
<p style="text-align: center;"><em><strong>Représente-t-elle un danger pour la santé ?</strong></em></p>
<p>La polydactylie n’est ni une maladie ni une difformité mais bien un aspect de la race du Maine Coon qui a été mis de côté par les standards actuels de la race.</p>
<p>Dr Sarah Hartwell:<em> </em><em>« la polydactylie la plus communément rencontrée chez le chat est un caractère autosomique dominant simple (non lié au sexe) qui n&rsquo;a aucun effet néfaste sur le chat et n&rsquo;est pas associé à d&rsquo;autres anomalies »</em><br />Le Dr Danforth a lui aussi étudié la polydactylie sur plusieurs générations de chats et a aussi prouvé qu&rsquo;il s&rsquo;agit simplement d&rsquo;une particularité non d&rsquo;une tare.</p>
<p style="text-align: center;"><em><strong>Peut-il concourir en exposition ?</strong></em></p>
<p>A ce jour, la polydactylie ne peut pas concourir dans les expositions <a href="http://www.loof.asso.fr/">L.O.O.F.</a> En France un chat polydactyle peut être présenté mais ne peut prétendre à aucun titre. Seul les expos TICA, où une catégorie maine coon poly, existe peuvent donner des titres et des podiums aux polys. Bien sûr cela ne l&#8217;empêche pas d&rsquo;être reconnu néanmoins par le LOOF comme Maine Coon et d&rsquo;avoir son PEDIGREE.</p>
<p style="text-align: center;"><em><strong>Comment ça marche génétiquement ?</strong></em></p>
<p>Le gène de la <strong>polydactylie</strong> étant un gène dominant à pénétrance incomplète qui s’exprime 40 à 50% du temps, une portée issue d&rsquo;un mariage polydactyle X non polydactyle pourra donner le jour à des chatons polydactyles et non polydactyles. En revanche, même né d&rsquo;un père ou d&rsquo;une mère polydactyle, un chaton non polydactyle ne pourra jamais donner naissance à des chatons polydactyles.</p>
<p style="text-align: center;"><em><strong>Pourquoi un Polydactyle ?</strong></em></p>
<p>Parce qu’il brille par sa rareté, son ossature lourde impressionne et ses grosses pattounes lui donne une démarche pataud. Mais ne vous fiez pas à son côté nonchalant Il était utilisé dans les navires pour son adresse à la chasse.</p>
<p>Il a été observé que même des chats  non polys issus d&rsquo;au moins un parent poly ont une ossature plus lourde que leurs congénères dont aucun des deux parents n&rsquo;étaient poly.</p>
<p>C’est donc un bel avantage pour une race à grande taille comme le Maine Coon.</p>

<div class="wp-block-image">
<figure class="aligncenter size-large"><img data-recalc-dims="1" loading="lazy" decoding="async" width="450" height="600" data-attachment-id="1102" data-permalink="http://chatterie-du-serval.fr/?attachment_id=1102" data-orig-file="https://i0.wp.com/chatterie-du-serval.fr/wp-content/uploads/2021/09/241374071_2025542197607447_2248287356838945006_n.jpg?fit=450%2C600" data-orig-size="450,600" data-comments-opened="0" data-image-meta="{&quot;aperture&quot;:&quot;0&quot;,&quot;credit&quot;:&quot;&quot;,&quot;camera&quot;:&quot;&quot;,&quot;caption&quot;:&quot;&quot;,&quot;created_timestamp&quot;:&quot;0&quot;,&quot;copyright&quot;:&quot;&quot;,&quot;focal_length&quot;:&quot;0&quot;,&quot;iso&quot;:&quot;0&quot;,&quot;shutter_speed&quot;:&quot;0&quot;,&quot;title&quot;:&quot;&quot;,&quot;orientation&quot;:&quot;0&quot;}" data-image-title="241374071_2025542197607447_2248287356838945006_n" data-image-description="" data-image-caption="" data-large-file="https://i0.wp.com/chatterie-du-serval.fr/wp-content/uploads/2021/09/241374071_2025542197607447_2248287356838945006_n.jpg?fit=450%2C600" src="https://i0.wp.com/chatterie-du-serval.fr/wp-content/uploads/2021/09/241374071_2025542197607447_2248287356838945006_n.jpg?resize=450%2C600" alt="" class="wp-image-1102" srcset="https://i0.wp.com/chatterie-du-serval.fr/wp-content/uploads/2021/09/241374071_2025542197607447_2248287356838945006_n.jpg?w=450 450w, https://i0.wp.com/chatterie-du-serval.fr/wp-content/uploads/2021/09/241374071_2025542197607447_2248287356838945006_n.jpg?resize=225%2C300 225w" sizes="auto, (max-width: 450px) 100vw, 450px" /></figure>
</div>

<p>Historiquement les Maine Coons polydactyles représentaient une partie importante de cette race. Selon certaines sources, les polydactyles représentaient 40% de la population d&rsquo;origine du Maine Coon. Aujourd&rsquo;hui les Maine Coons polydactyles ne représenteraient que 2% de la race. Un Maine Coon Polydactyle a plus de doigts que la moyenne (poly= nombreux / dactyle= doigts). En théorie un &hellip; <a href="http://chatterie-du-serval.fr/?page_id=319" class="more-link">Continuer la lecture de <span class="screen-reader-text">Le Maine Coon Polydactyle</span></a></p>
