{"id":1367,"date":"2022-08-02T14:36:42","date_gmt":"2022-08-02T14:36:42","guid":{"rendered":"http:\/\/chatterie-du-serval.fr\/?page_id=1367"},"modified":"2025-11-16T09:07:03","modified_gmt":"2025-11-16T09:07:03","slug":"pourquoi-ce-prix","status":"publish","type":"page","link":"https:\/\/chatterie-du-serval.fr\/?page_id=1367","title":{"rendered":"Le prix d&rsquo;un Maine Coon"},"content":{"rendered":"<table style=\"height: 611px;\" width=\"837\">\n<tbody>\n<tr>\n<td style=\"text-align: center;\" colspan=\"5\" width=\"400\">\n<p><strong>Le prix d&rsquo;un chat de race s&rsquo;explique par de nombreux facteurs:<\/strong><\/p>\n<\/td>\n<\/tr>\n<tr>\n<td colspan=\"5\">&#8211; L&rsquo;achat des reproducteurs et des saillies<\/td>\n<\/tr>\n<tr>\n<td colspan=\"5\">&#8211; Les tests g\u00e9n\u00e9tiques : HCM\/PKD\/SMA\/PKDEF\u00a0 + examen clinique : \u00e9chographies c\u0153ur et reins + visites annuelles avec vaccin, vermifuge et bilan de sant\u00e9.<\/td>\n<\/tr>\n<tr>\n<td colspan=\"5\" width=\"400\">&#8211; Le suivi des futures mamans: vermifuges + alimentation sp\u00e9cifique + radio de gestation + mat\u00e9riel particulier pour la mise bas, frais v\u00e9t\u00e9rinaires en cas de petits ou plus gros ennuis.<\/td>\n<\/tr>\n<tr>\n<td colspan=\"5\">&#8211; la st\u00e9rilisation des chats de compagnie<\/td>\n<\/tr>\n<tr>\n<td colspan=\"5\" width=\"400\">&#8211; Le suivi des chatons: visites de contr\u00f4le\/ vaccinations\/vermifuges\/identifications\/documents officiels (d\u00e9claration de naissance aupr\u00e8s du LOOF, pedigrees)\/nourriture\/ imp\u00f4ts, Taxes (TVA)&#8230;<\/td>\n<\/tr>\n<tr>\n<td colspan=\"5\">&#8211; La cr\u00e9ation d&rsquo;un site internet, la publicit\u00e9. Le temps pass\u00e9 \u00e0 faire des photos, la communication avec les adoptants et les autres.\u00a0\u00a0<\/td>\n<\/tr>\n<tr>\n<td colspan=\"5\" width=\"400\">\n<p>&#8211; Mise en place d&rsquo;un r\u00e8glement sanitaire avec des normes \u00e0 respecter.<\/p>\n<p>&#8211; Tenue d&rsquo;un livre de sant\u00e9 de nos animaux sign\u00e9 par le v\u00e9t\u00e9rinaire r\u00e9f\u00e9rent et d&rsquo;un livre d&rsquo;entr\u00e9e et de sortie de nos animaux.<\/p>\n<p>&#8211; Construction et entretien d&rsquo;une Chatterie ext\u00e9rieure pour que les plus grands puissent se d\u00e9gourdir les pattes.<\/p>\n<p>&#8211; Soin des retrait\u00e9s.<\/p>\n<p>&#8211; A cela s&rsquo;ajoute aussi le temps pass\u00e9 \u00e0 la socialisation des chatons, \u00e0 l&rsquo;entretien de l&rsquo;environnement de nos chats, les liti\u00e8res sp\u00e9ciales chatons, les croquettes et p\u00e2t\u00e9s sp\u00e9cifiques pour assurer une bonne sant\u00e9 aux plus petits comme aux plus grands, les arbres \u00e0 chat qu&rsquo;il faut changer r\u00e9guli\u00e8rement.<\/p>\n<p>La vie avec des animaux en chaleur ou en gestation n&rsquo;est pas de tout repos. Les nuits sont souvent courtes mais le bonheur de b\u00e9b\u00e9s en pleine sant\u00e9 et ronronnant est le plus beau des cadeaux.<\/p>\n<p style=\"text-align: center;\"><strong>Pour plus d&rsquo;infos chiffr\u00e9es :<\/strong><\/p>\n<\/td>\n<\/tr>\n<tr>\n<td style=\"text-align: center;\" colspan=\"5\"><a href=\"https:\/\/www.chatsdumonde.com\/les-races-de-chats-8\/les-chats-de-race-le-pedigree-du-chat-8001\/quel-prix-pour-un-chat-de-race-1281.php\">D\u00e9tail du Prix d&rsquo;un Chat de Race sur Chatsdumonde.com<\/a><\/td>\n<\/tr>\n<\/tbody>\n<\/table>\n<p style=\"text-align: center;\" align=\"left\"><a href=\"https:\/\/chatterie-du-serval.fr\/?page_id=86\"><strong>Le prix de nos chatons :<\/strong><\/a>\u00a0<\/p>\n<p align=\"left\">Soyez assur\u00e9s que nous faisons cela par amour de nos chats, par passion de la race et l&rsquo;envie de vivre avec vous cette incroyable aventure. Nous ne gagnons pas notre vie ainsi. Ils vivent avec nous au quotidien. Nos chatons sont sous surveillance vid\u00e9o quand nous sommes absents, nous prenons grand soin de nos b\u00e9b\u00e9s et leur sociabilisation est notre priorit\u00e9.<\/p>\n<p align=\"left\">Notre plus grand bonheur ce sera d&rsquo;avoir de vos\u00a0nouvelles. Alors n&rsquo;h\u00e9sitez pas ! Un petit mail, une photo&#8230;nous tenons \u00e0 savoir ce que sont devenus nos nounours.<\/p>\n<p align=\"left\">\u00a0<a href=\"https:\/\/i0.wp.com\/chatterie-du-serval.fr\/wp-content\/uploads\/2020\/05\/90244880_1579646342197037_5651806473362079744_o.jpg\"><img data-recalc-dims=\"1\" loading=\"lazy\" decoding=\"async\" data-attachment-id=\"987\" data-permalink=\"https:\/\/chatterie-du-serval.fr\/?attachment_id=987\" data-orig-file=\"https:\/\/i0.wp.com\/chatterie-du-serval.fr\/wp-content\/uploads\/2020\/05\/90244880_1579646342197037_5651806473362079744_o.jpg?fit=961%2C960&amp;ssl=1\" data-orig-size=\"961,960\" data-comments-opened=\"0\" data-image-meta=\"{&quot;aperture&quot;:&quot;0&quot;,&quot;credit&quot;:&quot;&quot;,&quot;camera&quot;:&quot;&quot;,&quot;caption&quot;:&quot;&quot;,&quot;created_timestamp&quot;:&quot;0&quot;,&quot;copyright&quot;:&quot;&quot;,&quot;focal_length&quot;:&quot;0&quot;,&quot;iso&quot;:&quot;0&quot;,&quot;shutter_speed&quot;:&quot;0&quot;,&quot;title&quot;:&quot;&quot;,&quot;orientation&quot;:&quot;0&quot;}\" data-image-title=\"90244880_1579646342197037_5651806473362079744_o\" data-image-description=\"\" data-image-caption=\"\" data-large-file=\"https:\/\/i0.wp.com\/chatterie-du-serval.fr\/wp-content\/uploads\/2020\/05\/90244880_1579646342197037_5651806473362079744_o.jpg?fit=660%2C659&amp;ssl=1\" class=\"wp-image-987 size-full aligncenter\" src=\"https:\/\/i0.wp.com\/chatterie-du-serval.fr\/wp-content\/uploads\/2020\/05\/90244880_1579646342197037_5651806473362079744_o.jpg?resize=660%2C659\" alt=\"\" width=\"660\" height=\"659\" srcset=\"https:\/\/i0.wp.com\/chatterie-du-serval.fr\/wp-content\/uploads\/2020\/05\/90244880_1579646342197037_5651806473362079744_o.jpg?w=961&amp;ssl=1 961w, https:\/\/i0.wp.com\/chatterie-du-serval.fr\/wp-content\/uploads\/2020\/05\/90244880_1579646342197037_5651806473362079744_o.jpg?resize=300%2C300&amp;ssl=1 300w, https:\/\/i0.wp.com\/chatterie-du-serval.fr\/wp-content\/uploads\/2020\/05\/90244880_1579646342197037_5651806473362079744_o.jpg?resize=150%2C150&amp;ssl=1 150w, https:\/\/i0.wp.com\/chatterie-du-serval.fr\/wp-content\/uploads\/2020\/05\/90244880_1579646342197037_5651806473362079744_o.jpg?resize=768%2C767&amp;ssl=1 768w\" sizes=\"auto, (max-width: 660px) 100vw, 660px\" \/><\/a><\/p>\n<p style=\"text-align: center;\" align=\"left\"><strong>Photos de notre Nurserie o\u00f9 vivent dans le calme les 1\u00e8res semaines Maman et b\u00e9b\u00e9s.<\/strong><\/p>\n<p style=\"text-align: center;\" align=\"left\"><strong>Nos loulous crapahutent ensuite dans la maison<\/strong> <strong>en toute libert\u00e9.<\/strong><a href=\"http:\/\/chatterie-du-serval.fr\/wp-content\/uploads\/2015\/02\/P1260332.jpg\"><br \/><\/a><\/p>\n<p style=\"text-align: center;\" align=\"left\">Sous surveillance&#8230;m\u00eame quand on est pas l\u00e0 avec la cam\u00e9ra. Nous avons investit dans un nouveau chauffage et la cam\u00e9ra nous pr\u00e9vient si jamais il y avait un \u00e9cart de temp\u00e9ratures. De plus, il y a une double porte pour que la maman puisse naviguer \u00e0 sa guise tout en laissant les petits prot\u00e9g\u00e9s dans la pi\u00e8ce.<\/p>\n\n\n<figure class=\"wp-block-image size-large\"><img data-recalc-dims=\"1\" loading=\"lazy\" decoding=\"async\" width=\"660\" height=\"495\" data-attachment-id=\"983\" data-permalink=\"https:\/\/chatterie-du-serval.fr\/?attachment_id=983\" data-orig-file=\"https:\/\/i0.wp.com\/chatterie-du-serval.fr\/wp-content\/uploads\/2020\/05\/98001932_1633693580125646_115809970615746560_o.jpg?fit=960%2C720&amp;ssl=1\" data-orig-size=\"960,720\" data-comments-opened=\"0\" data-image-meta=\"{&quot;aperture&quot;:&quot;0&quot;,&quot;credit&quot;:&quot;&quot;,&quot;camera&quot;:&quot;&quot;,&quot;caption&quot;:&quot;&quot;,&quot;created_timestamp&quot;:&quot;0&quot;,&quot;copyright&quot;:&quot;&quot;,&quot;focal_length&quot;:&quot;0&quot;,&quot;iso&quot;:&quot;0&quot;,&quot;shutter_speed&quot;:&quot;0&quot;,&quot;title&quot;:&quot;&quot;,&quot;orientation&quot;:&quot;0&quot;}\" data-image-title=\"98001932_1633693580125646_115809970615746560_o\" data-image-description=\"\" data-image-caption=\"\" data-large-file=\"https:\/\/i0.wp.com\/chatterie-du-serval.fr\/wp-content\/uploads\/2020\/05\/98001932_1633693580125646_115809970615746560_o.jpg?fit=660%2C495&amp;ssl=1\" src=\"https:\/\/i0.wp.com\/chatterie-du-serval.fr\/wp-content\/uploads\/2020\/05\/98001932_1633693580125646_115809970615746560_o.jpg?resize=660%2C495\" alt=\"\" class=\"wp-image-983\" srcset=\"https:\/\/i0.wp.com\/chatterie-du-serval.fr\/wp-content\/uploads\/2020\/05\/98001932_1633693580125646_115809970615746560_o.jpg?w=960&amp;ssl=1 960w, https:\/\/i0.wp.com\/chatterie-du-serval.fr\/wp-content\/uploads\/2020\/05\/98001932_1633693580125646_115809970615746560_o.jpg?resize=300%2C225&amp;ssl=1 300w, https:\/\/i0.wp.com\/chatterie-du-serval.fr\/wp-content\/uploads\/2020\/05\/98001932_1633693580125646_115809970615746560_o.jpg?resize=768%2C576&amp;ssl=1 768w\" sizes=\"auto, (max-width: 660px) 100vw, 660px\" \/><\/figure>\n\n\n<div class=\"wp-block-image\">\n<figure class=\"aligncenter size-large\"><img data-recalc-dims=\"1\" loading=\"lazy\" decoding=\"async\" width=\"660\" height=\"495\" data-attachment-id=\"984\" data-permalink=\"https:\/\/chatterie-du-serval.fr\/?attachment_id=984\" data-orig-file=\"https:\/\/i0.wp.com\/chatterie-du-serval.fr\/wp-content\/uploads\/2020\/05\/98295920_1633693690125635_7645323755777949696_o.jpg?fit=960%2C720&amp;ssl=1\" data-orig-size=\"960,720\" data-comments-opened=\"0\" data-image-meta=\"{&quot;aperture&quot;:&quot;0&quot;,&quot;credit&quot;:&quot;&quot;,&quot;camera&quot;:&quot;&quot;,&quot;caption&quot;:&quot;&quot;,&quot;created_timestamp&quot;:&quot;0&quot;,&quot;copyright&quot;:&quot;&quot;,&quot;focal_length&quot;:&quot;0&quot;,&quot;iso&quot;:&quot;0&quot;,&quot;shutter_speed&quot;:&quot;0&quot;,&quot;title&quot;:&quot;&quot;,&quot;orientation&quot;:&quot;0&quot;}\" data-image-title=\"98295920_1633693690125635_7645323755777949696_o\" data-image-description=\"\" data-image-caption=\"\" data-large-file=\"https:\/\/i0.wp.com\/chatterie-du-serval.fr\/wp-content\/uploads\/2020\/05\/98295920_1633693690125635_7645323755777949696_o.jpg?fit=660%2C495&amp;ssl=1\" src=\"https:\/\/i0.wp.com\/chatterie-du-serval.fr\/wp-content\/uploads\/2020\/05\/98295920_1633693690125635_7645323755777949696_o.jpg?resize=660%2C495\" alt=\"\" class=\"wp-image-984\" srcset=\"https:\/\/i0.wp.com\/chatterie-du-serval.fr\/wp-content\/uploads\/2020\/05\/98295920_1633693690125635_7645323755777949696_o.jpg?w=960&amp;ssl=1 960w, https:\/\/i0.wp.com\/chatterie-du-serval.fr\/wp-content\/uploads\/2020\/05\/98295920_1633693690125635_7645323755777949696_o.jpg?resize=300%2C225&amp;ssl=1 300w, https:\/\/i0.wp.com\/chatterie-du-serval.fr\/wp-content\/uploads\/2020\/05\/98295920_1633693690125635_7645323755777949696_o.jpg?resize=768%2C576&amp;ssl=1 768w\" sizes=\"auto, (max-width: 660px) 100vw, 660px\" \/><\/figure>\n<\/div>\n\n\n<h2 class=\"wp-block-heading\">Budget annuel pour un chat<\/h2>\n\n\n\n<p>Tous frais confondus, on peut globalement estimer <strong>le co\u00fbt annuel d&rsquo;un chat \u00e0 1000 \u20ac la premi\u00e8re ann\u00e9e.<\/strong> Moins en prenant chez un \u00e9leveur puisque les 1ers frais v\u00e9t\u00e9rinaires \u00e0 2 et 3 mois ainsi que la castration est \u00e0 sa charge.<\/p>\n\n\n\n<p><strong>Il faut alors compter ensuite<\/strong>, quand tous le mat\u00e9riel est achet\u00e9 (caisse de transport, bac \u00e0 liti\u00e8re, arbre \u00e0 chat, gamelles, brosses, jouets, couchages&#8230;) <strong>environ 300 \u00e0 700 \u20ac par an<\/strong> pour les frais de sant\u00e9 et d&rsquo;entretien courant pour un chat d&rsquo;\u00e2ge moyen; sans probl\u00e8me de sant\u00e9 particulier. Notez qu&rsquo;en plus de ces frais r\u00e9guliers peuvent toujours venir s&rsquo;ajouter des d\u00e9penses plus importantes, variables en fonction de son \u00e9tat de sant\u00e9 et des accidents de la vie.<\/p>\n\n\n<div class=\"wp-block-image\">\n<figure class=\"aligncenter size-large\"><img loading=\"lazy\" decoding=\"async\" width=\"1304\" height=\"1568\" data-attachment-id=\"1106\" data-permalink=\"https:\/\/chatterie-du-serval.fr\/?attachment_id=1106\" data-orig-file=\"https:\/\/i0.wp.com\/chatterie-du-serval.fr\/wp-content\/uploads\/2021\/09\/241240189_2024789897682677_292327530256587798_n.jpg?fit=1304%2C1568&amp;ssl=1\" data-orig-size=\"1304,1568\" data-comments-opened=\"0\" data-image-meta=\"{&quot;aperture&quot;:&quot;0&quot;,&quot;credit&quot;:&quot;&quot;,&quot;camera&quot;:&quot;&quot;,&quot;caption&quot;:&quot;&quot;,&quot;created_timestamp&quot;:&quot;0&quot;,&quot;copyright&quot;:&quot;&quot;,&quot;focal_length&quot;:&quot;0&quot;,&quot;iso&quot;:&quot;0&quot;,&quot;shutter_speed&quot;:&quot;0&quot;,&quot;title&quot;:&quot;&quot;,&quot;orientation&quot;:&quot;0&quot;}\" data-image-title=\"241240189_2024789897682677_292327530256587798_n\" data-image-description=\"\" data-image-caption=\"\" data-large-file=\"https:\/\/i0.wp.com\/chatterie-du-serval.fr\/wp-content\/uploads\/2021\/09\/241240189_2024789897682677_292327530256587798_n.jpg?fit=660%2C793&amp;ssl=1\" src=\"https:\/\/i0.wp.com\/chatterie-du-serval.fr\/wp-content\/uploads\/2021\/09\/241240189_2024789897682677_292327530256587798_n.jpg?fit=616%2C740\" alt=\"\" class=\"wp-image-1106\" srcset=\"https:\/\/i0.wp.com\/chatterie-du-serval.fr\/wp-content\/uploads\/2021\/09\/241240189_2024789897682677_292327530256587798_n.jpg?w=1304&amp;ssl=1 1304w, https:\/\/i0.wp.com\/chatterie-du-serval.fr\/wp-content\/uploads\/2021\/09\/241240189_2024789897682677_292327530256587798_n.jpg?resize=249%2C300&amp;ssl=1 249w, https:\/\/i0.wp.com\/chatterie-du-serval.fr\/wp-content\/uploads\/2021\/09\/241240189_2024789897682677_292327530256587798_n.jpg?resize=852%2C1024&amp;ssl=1 852w, https:\/\/i0.wp.com\/chatterie-du-serval.fr\/wp-content\/uploads\/2021\/09\/241240189_2024789897682677_292327530256587798_n.jpg?resize=768%2C923&amp;ssl=1 768w, https:\/\/i0.wp.com\/chatterie-du-serval.fr\/wp-content\/uploads\/2021\/09\/241240189_2024789897682677_292327530256587798_n.jpg?resize=1277%2C1536&amp;ssl=1 1277w, https:\/\/i0.wp.com\/chatterie-du-serval.fr\/wp-content\/uploads\/2021\/09\/241240189_2024789897682677_292327530256587798_n.jpg?resize=972%2C1169&amp;ssl=1 972w\" sizes=\"auto, (max-width: 660px) 100vw, 660px\" \/><\/figure>\n<\/div>","protected":false},"excerpt":{"rendered":"<p>Le prix d&rsquo;un chat de race s&rsquo;explique par de nombreux facteurs: &#8211; L&rsquo;achat des reproducteurs et des saillies &#8211; Les tests g\u00e9n\u00e9tiques : HCM\/PKD\/SMA\/PKDEF\u00a0 + examen clinique : \u00e9chographies c\u0153ur et reins + visites annuelles avec vaccin, vermifuge et bilan de sant\u00e9. &#8211; Le suivi des futures mamans: vermifuges + alimentation sp\u00e9cifique + radio de &hellip; <a href=\"https:\/\/chatterie-du-serval.fr\/?page_id=1367\" class=\"more-link\">Continuer la lecture de <span class=\"screen-reader-text\">Le prix d&rsquo;un Maine Coon<\/span><\/a><\/p>\n","protected":false},"author":1,"featured_media":0,"parent":0,"menu_order":0,"comment_status":"closed","ping_status":"closed","template":"","meta":{"jetpack_post_was_ever_published":false,"footnotes":""},"class_list":["post-1367","page","type-page","status-publish","hentry"],"jetpack_sharing_enabled":true,"jetpack_shortlink":"https:\/\/wp.me\/P62eiX-m3","jetpack-related-posts":[],"_links":{"self":[{"href":"https:\/\/chatterie-du-serval.fr\/index.php?rest_route=\/wp\/v2\/pages\/1367","targetHints":{"allow":["GET"]}}],"collection":[{"href":"https:\/\/chatterie-du-serval.fr\/index.php?rest_route=\/wp\/v2\/pages"}],"about":[{"href":"https:\/\/chatterie-du-serval.fr\/index.php?rest_route=\/wp\/v2\/types\/page"}],"author":[{"embeddable":true,"href":"https:\/\/chatterie-du-serval.fr\/index.php?rest_route=\/wp\/v2\/users\/1"}],"replies":[{"embeddable":true,"href":"https:\/\/chatterie-du-serval.fr\/index.php?rest_route=%2Fwp%2Fv2%2Fcomments&post=1367"}],"version-history":[{"count":14,"href":"https:\/\/chatterie-du-serval.fr\/index.php?rest_route=\/wp\/v2\/pages\/1367\/revisions"}],"predecessor-version":[{"id":1905,"href":"https:\/\/chatterie-du-serval.fr\/index.php?rest_route=\/wp\/v2\/pages\/1367\/revisions\/1905"}],"wp:attachment":[{"href":"https:\/\/chatterie-du-serval.fr\/index.php?rest_route=%2Fwp%2Fv2%2Fmedia&parent=1367"}],"curies":[{"name":"wp","href":"https:\/\/api.w.org\/{rel}","templated":true}]}}